 n - -7. Suppose 4 = r*w - 14. What is the units digit of w?
6
Let i(n) be the second derivative of 0 + 1/6*n**3 - 2*n + 3*n**2. What is the tens digit of i(6)?
1
Let c(d) = 18*d**2 - d. Let v(f) = f + 8. Let n be v(-7). What is the tens digit of c(n)?
1
Suppose -o - 4*o = 2*q - 75, -5*q - o = -199. Suppose 3*z - q + 16 = 0. What is the units digit of z?
8
Let o(d) = -d - 3. Let s be o(0). What is the units digit of s/((-1)/(148/12))?
7
Suppose q = -x + 2 + 2, q = -2*x + 7. Let n be (0 + 61)*x*-1. What is the units digit of 2/9 + n/(-27)?
7
Let f(v) = -v**3 - 5*v**2 + 7*v + 9. Let b be f(-6). Suppose -4*q - 8 = -b*s, 0*q - 22 = -5*s - 2*q. What is the units digit of s?
4
Let t(x) = -x**2 + 78. What is the tens digit of t(0)?
7
Let r(p) = -p**3 - 3*p**2 + 3*p + 8. Let w(l) = 2*l**3 + 7*l**2 - 7*l - 16. Let u(s) = 7*r(s) + 3*w(s). What is the units digit of u(0)?
8
Let r = -182 - -263. What is the units digit of r?
1
Let p(a) = 10*a + 1. Let w be p(-2). Suppose -129 = -5*d + 4*j, -d + 8 + 9 = -3*j. Let v = d + w. What is the units digit of v?
0
Let x(l) = 12*l + 1. Let b(p) = -35*p - 2. Let s(f) = 3*b(f) + 8*x(f). Let j be s(-2). Let r = j + -13. What is the units digit of r?
7
Suppose 0 = 2*d - 16 + 6. Suppose -2*r = -5*p + 2*r + 42, d*p - r - 33 = 0. What is the units digit of p?
6
Let t(p) = -3*p**3 - 3*p**2 - 2*p - 2. Let j be t(-2). Let z = 26 - j. What is the tens digit of z?
1
Suppose 2*h + 4 + 9 = 5*a, 2*h = 2*a - 4. Suppose 0 = a*z - 141 + 36. What is the units digit of z?
5
Let b(z) = -z**2 - 7*z + 9. Let t be b(-7). Let q = 2 - t. Let o(u) = u**2 + 7*u + 6. What is the units digit of o(q)?
6
Let g(x) = 45*x + 5. Let v be g(3). Suppose 365 - v = 5*u. What is the units digit of u?
5
Let v = 16 + -15. Let r(j) = j + 1. What is the units digit of r(v)?
2
Let f = 5 - 3. Suppose -2*a = -5*l + 2*a + 145, -f*l - 4*a + 86 = 0. Suppose -3*u + l - 9 = 0. What is the units digit of u?
8
Let w(d) = -d**2 - 21*d - 15. What is the tens digit of w(-14)?
8
Let d(w) = -w**3 - 9*w**2 - 10*w - 12. Let x be d(-8). Suppose 0*u - 16 = x*u. What is the units digit of 5/(0 + (-2)/u)?
0
Let q be (4/6)/(26/39). What is the tens digit of (3 - 0/q)*11?
3
Suppose -3*f - 74 = -5*f. What is the units digit of f?
7
Suppose v - 9 = -1. Let a = v + -1. What is the units digit of a?
7
Suppose 480 = 8*u - 4*u. What is the hundreds digit of u?
1
What is the units digit of 2613/27 + (-1 - (-33)/27)?
7
What is the units digit of (-105)/(-12) + 1/4?
9
Suppose 0 = -6*t + t - 15. Let a be 1/t - 86/(-6). Suppose a = 4*v + 6. What is the units digit of v?
2
What is the hundreds digit of (8755/55 - -6) + 2/(-11)?
1
Let a(r) be the third derivative of -r**4/24 - r**3/6 - 2*r**2. Suppose -5*i = -p - 3*p - 42, 3*p - i + 26 = 0. What is the units digit of a(p)?
7
Let m be 7/(21/(-30)) + 3. Let g = m - -15. What is the units digit of g?
8
Let z(m) be the third derivative of m**5/60 + m**4/8 - m**2. Let s be 4*(-2 - -1)*1. What is the units digit of z(s)?
4
Suppose 3*z = -1 + 13. Suppose -44 = -4*f + 3*t, -z*f + 7 = -t - 45. What is the tens digit of f?
1
Suppose -m + p = 3*m - 20, -m - 16 = 5*p. Suppose m*v + 4*y + 10 - 26 = 0, -v - 1 = -4*y. Suppose 9 = -2*n + v*n. What is the units digit of n?
9
Suppose 3*d + d = -4*c + 28, -2*c = 5*d - 23. Suppose -4*r + 40 = d*v - 0, 0 = -4*r + 4. What is the tens digit of v?
1
Suppose 0 = 4*b + 11 + 13. What is the units digit of 1 + 0 + 1 - b?
8
Suppose -4*u = 2*d - 6*d + 4, 4*d = 5*u + 4. Suppose u = -4*b - 0*b + 48. What is the tens digit of b?
1
Suppose 2*g = -2*g + 76. What is the tens digit of g?
1
Let k be (-6)/(0 + -2)*-1. Let b be 0 + (-1 - 1)*k. Let w = -4 + b. What is the units digit of w?
2
Let t(j) = j - 1. Let k be t(7). Suppose -24 = 5*u - k*u. What is the tens digit of u?
2
Let h(j) = -j - 5. Let t(q) = -4*q - 19. Let s(u) = -9*h(u) + 2*t(u). What is the units digit of s(0)?
7
Suppose 2*v - 2 = -0. Let u be (-4)/2 - (v - 7). Suppose w = -u*d - 11, -16 = -w + 4*d + 5. What is the units digit of w?
5
Let g = -6 + 10. Suppose -z + g*z = -5*d, -3*z = -4*d. What is the units digit of (2 + d)/(-1) - -11?
9
Suppose 5*p - 151 - 64 = 0. What is the units digit of p?
3
Suppose 4*m - 2 = 3*m. Suppose -4*s = m*w - 20, 2*s - 3*w + 0*w = 2. What is the units digit of 14/s - (-3)/6?
4
Let k(i) = -i + 12. Let p(u) = 3*u - 7. Let v be p(6). What is the units digit of k(v)?
1
Let z(r) = -2 - 1 - 14*r - r**2 + r + 2*r. What is the units digit of z(-9)?
5
Let k(x) = -2*x**2 + 4*x - 2. Let r be k(3). Let n = r + 14. What is the units digit of n/2*(3 + -1)?
6
Let b(j) = 6*j**2 + j - 1. Let t = 19 + -17. What is the units digit of b(t)?
5
Suppose 16 = 2*j - 0*j. Suppose 4*m - 6 = -2*u, 23 - j = 5*u - m. Suppose 2 = -u*p + 8. What is the units digit of p?
2
Let z(o) = 3*o**2 - o**2 + 0*o**2 - o + 1 + 0. What is the units digit of z(1)?
2
Let w(p) = -p**3 - 4*p**2 - p - 6. Let h be w(-4). Let m = 38 + h. What is the tens digit of m?
3
Suppose 4*o + 15 = 3*d, -o + d + 2*d = 15. What is the units digit of (o - 2)/(-2)*2?
2
Let c = 75 + 57. What is the tens digit of c?
3
Let w = 6 + -1. Suppose 2 = i - w. Suppose -9 - i = -4*n. What is the units digit of n?
4
Let f(o) = -14*o - 1. Let k be f(-1). Let j = -8 - 0. Let z = k + j. What is the units digit of z?
5
Let s(l) = -l**2 - 25*l - 39. What is the tens digit of s(-22)?
2
Let i = 179 - 98. What is the tens digit of i?
8
Let b(d) = d**2 + 10*d - 17. What is the units digit of b(2)?
7
What is the tens digit of ((-143)/3)/(3/(-9))?
4
Let l = -66 + 105. What is the tens digit of l?
3
Let m = 28 - 10. What is the units digit of m?
8
Suppose 412 = 4*d + 4*x, 3*d = 4*x + 193 + 144. What is the tens digit of d?
0
Suppose -4*m = -3*r - 176, m - 4*r = -r + 35. What is the units digit of m?
7
Suppose 4*n - n + 2*o = -19, 2*o + 22 = -4*n. What is the units digit of (3 + -8 - n) + 29?
7
Let v(y) = -5*y + 2 + 10*y - y**2 + 4*y. Suppose -2*w = 6*n - n - 36, -48 = -4*w - 4*n. What is the tens digit of v(w)?
1
Let w = 15 - -23. Suppose 4*n = 5*f - w, 49 = 4*f + 2*n + n. What is the tens digit of f?
1
Let d be (-1 + 1)*4/8. Let k be d*(2 + (-6)/4). Suppose 2 + k = -c + g, 2*g - 19 = -3*c. What is the units digit of c?
3
Suppose -10 - 3 = -y. What is the units digit of y?
3
Suppose 1 = 4*h - 31. Let k = 21 - h. What is the units digit of k?
3
Suppose 5*w + 24 = -3*h, -3*h = -4*w + 7 + 17. What is the units digit of (-34)/h + 3/(-12)?
4
Let n be 15/10*(-40)/6. Let g(b) = -3*b - 7. What is the tens digit of g(n)?
2
Suppose 100 = 66*q - 65*q. What is the tens digit of q?
0
Let t(x) = x**3 - 5*x**2 + 5*x + 2. Let s be t(4). Suppose f = -0*f + 7. Suppose 5*j + s = f*j. What is the units digit of j?
3
Let x(k) = -k**2 + k + 3. Let j(p) = 2*p**2 + 0 - p**2 - 3. Let c(g) = 5*j(g) + 6*x(g). What is the units digit of c(6)?
3
Let v(g) = g - 2. Let r = 35 + 6. Suppose 4*d = -3*n + r, -n - n = -4*d - 14. What is the units digit of v(n)?
9
Suppose -303 = -5*h - 68. What is the tens digit of h?
4
Let p = 8 - 7. Suppose -p = f - 13. What is the tens digit of f?
1
Suppose s + 13 = -2*f + 3*f, -3*f = 5*s + 1. Suppose -36 = 2*c - f*c. What is the units digit of c?
6
Let y = 457 + -200. What is the units digit of y?
7
Let d(t) = t**2 + 4*t - 1. What is the units digit of d(-5)?
4
Suppose -3*i + 35 = 2*a, -20 = -i - 0*i + a. Let x(q) = 4*q**2. Let v be x(-1). Suppose -v*c - 3 + i = 0. What is the units digit of c?
3
Let t be 2 + (-6)/(-3)*-1. What is the units digit of -5*(0 + (t - 1))?
5
Suppose 3*k - 283 = 2*b - 7*b, 126 = 2*b - 2*k. What is the units digit of b?
9
Let k = -305 - -462. What is the hundreds digit of k?
1
Suppose 0 = -5*u - 1 + 6. Suppose 7 = 3*h - 5. Let i = h + u. What is the units digit of i?
5
Let q be (4/5)/(4/30). Suppose -26 = -5*x - q. What is the units digit of x?
4
Let h(f) = 3*f**2 + 3. Let n be h(3). Let j = n - 17. What is the units digit of j?
3
Let l = -103 - -212. What is the tens digit of l?
0
Suppose 2*z - 1 - 7 = 0. Let t(f) = -z*f + 7 + f**3 + f**2 - 3 + f**2 - 5*f**2. What is the units digit of t(4)?
4
Let o(w) be the first derivative of w**4/12 + 3*w**2/2 + w + 2. Let d(n) be the first derivative of o(n). What is the units digit of d(0)?
3
Let n = -71 + 107. What is the tens digit of n?
3
Let t = 266 +